6a207b?
2c6a207a
In base 13, what is -1a1b - -abb5?
9197
In base 7, what is -13013216453 - 2?
-13013216455
In base 4, what is 2 - 30110101132131?
-30110101132123
In base 12, what is 1 - 196352a3?
-196352a2
In base 10, what is 1793811 - -12?
1793823
In base 13, what is -10 + -187b908?
-187b918
In base 2, what is -11100011110010001000 - -101?
-11100011110010000011
In base 8, what is 12041 - 71113?
-57052
In base 3, what is 1102210 + -1011121021?
-1010011111
In base 3, what is -121002102021012 - 1?
-121002102021020
In base 14, what is -3 - -30c4dc?
30c4d9
In base 9, what is -5221 + -1761?
-7082
In base 7, what is -10033005 - -13?
-10032662
In base 8, what is -2517 - 15453?
-20172
In base 2, what is -1100 - -1101111101100011000011?
1101111101100010110111
In base 6, what is -105240420 - 0?
-105240420
In base 9, what is -258800 + 48?
-258741
In base 8, what is 12 + -52275210?
-52275176
In base 10, what is 9 + -296699?
-296690
In base 2, what is 11011111000010 + 111101001110?
100011100010000
In base 8, what is 627222571 - -3?
627222574
In base 12, what is -47b3 + 1a9?
-4606
In base 14, what is -2 + 105b956?
105b954
In base 16, what is 41f - -c31?
1050
In base 13, what is 34c1c + -796?
34456
In base 2, what is -10001001101 - -1100110001100110100?
1100101111011100111
In base 13, what is -6496 + -14a7b?
-1b244
In base 5, what is -1011131304 + 34?
-1011131220
In base 13, what is 4c - -2b0229?
2b0278
In base 13, what is 1ba8 - 676?
1532
In base 16, what is -1406 + -162de?
-176e4
In base 12, what is 32369995 - -3?
32369998
In base 5, what is 2432421322 - 11?
2432421311
In base 13, what is -20 + 915118?
9150c8
In base 8, what is 45110463 - -2?
45110465
In base 11, what is -1269 + 195360?
1940a2
In base 6, what is 2031 + -11402234?
-11400203
In base 3, what is 22010001010020211 + -11?
22010001010020200
In base 9, what is -16870010 - -78?
-16868821
In base 3, what is 120000012 + -20102100?
22120212
In base 4, what is -200101013 + -3333?
-200111012
In base 15, what is -126b06 - -3?
-126b03
In base 8, what is 2053206 - 5?
2053201
In base 8, what is 122557675 - 0?
122557675
In base 4, what is -200001101132 - -1?
-200001101131
In base 9, what is 2 + -6621554?
-6621552
In base 16, what is 9987 - -6e?
99f5
In base 12, what is -44b0123 - 11?
-44b0134
In base 4, what is 2310 + -10032123?
-10023213
In base 13, what is -6182855 + -2?
-6182857
In base 7, what is -214056 - 406?
-214465
In base 11, what is 1 + 842129?
84212a
In base 12, what is -47898b39 - -3?
-47898b36
In base 14, what is -12a - 293623?
-29374d
In base 15, what is -ec + 585?
488
In base 6, what is -14521 + 2332415?
2313454
In base 14, what is -25127 - 525?
-2564c
In base 10, what is -3 + 35238290?
35238287
In base 6, what is -1334552110 - 5?
-1334552115
In base 2, what is -11001101001 - 1000001110011001?
-1000101000000010
In base 8, what is 41 - -353247?
353310
In base 9, what is -3 + 10800658?
10800655
In base 13, what is 9701 + 11?
9712
In base 6, what is 0 + 42413253?
42413253
In base 12, what is 7023 + 272?
7295
In base 3, what is 101220 + -1212211102?
-1212102112
In base 5, what is -1220 - -140221043?
140214323
In base 11, what is 191 - 443a4?
-44213
In base 6, what is -53053 + -130410?
-223503
In base 7, what is -236360 - -10621?
-225436
In base 5, what is -110222102 - -1104?
-110220443
In base 3, what is 11112021100 - 2002?
11112012021
In base 16, what is c4a9cb + -5?
c4a9c6
In base 12, what is 167096 - -109?
1671a3
In base 9, what is 38 + 1120811?
1120850
In base 15, what is -da + -164342?
-16442c
In base 15, what is 5 + 3cb43a?
3cb440
In base 15, what is 4744b3 - -1?
4744b4
In base 8, what is -43 + -164023?
-164066
In base 5, what is 131 + 4210314413?
4210320044
In base 7, what is 1301641 + -2041?
1266600
In base 14, what is -33a35 - -2515?
-31520
In base 11, what is 572 + 10867?
11329
In base 13, what is -71696a + 3?
-716967
In base 15, what is -3 + -1bb67b1?
-1bb67b4
In base 6, what is 305325 + -2353?
302532
In base 4, what is -32 + -3221212220133?
-3221212220231
In base 5, what is 2001 + -2044341?
-2042340
In base 11, what is -2 + a016186?
a016184
In base 16, what is 786375 - 4?
786371
In base 2, what is 11001100 - -1110100000011011010?
1110100000110100110
In base 8, what is 1116024027 - 5?
1116024022
In base 16, what is 36a1d7d - -1?
36a1d7e
In base 5, what is -1013224234403 + 3?
-1013224234400
In base 15, what is 2 + 87bb3?
87bb5
In base 2, what is -11110001 - -100111110110101000?
100111110010110111
In base 10, what is -1367 - 24876?
-26243
In base 5, what is 11034032143 + -2?
11034032141
In base 5, what is 1 + -12141421121?
-12141421120
In base 11, what is 1201 + -224?
a88
In base 7, what is 1 - -2151306?
2151310
In base 8, what is -320 - -67324?
67004
In base 12, what is -57b4 - 151b?
-7113
In base 5, what is 4 + -2044034114?
-2044034110
In base 12, what is -174 + 20a96?
20922
In base 11, what is 43102a - 14?
431016
In base 7, what is -412 + -5262?
-6004
In base 3, what is -1222221212112 + -2?
-1222221212121
In base 8, what is -26445 - 13524?
-42171
In base 4, what is 13010202230 + -2?
13010202222
In base 15, what is -dd8 - 34?
-e1c
In base 16, what is -8a55c8d - -5?
-8a55c88
In base 13, what is 8757 - 6b3?
8074
In base 6, what is 10343204203 - -22?
10343204225
In base 13, what is -56c09100 + 1?
-56c090cc
In base 7, what is -6340162645 + 5?
-6340162640
In base 9, what is -17732534 + -12?
-17732546
In base 13, what is 101144 - -76?
1011ba
In base 14, what is 1800 - -826?
2226
In base 7, what is -112661 - 2166?
-115160
In base 10, what is -2461791 + -447?
-2462238
In base 10, what is -572 + -8689?
-9261
In base 16, what is -533 + -878?
-dab
In base 5, what is 12444110 - 100?
12444010
In base 13, what is -aa201 + -558?
-aa759
In base 9, what is 14 - 7017721?
-7017706
In base 8, what is 2571264 - -27?
2571313
In base 12, what is 738329b + 2?
73832a1
In base 14, what is -8864a4 + -9?
-8864ad
In base 13, what is 1bc2 + -14621?
-1272c
In base 2, what is -1000101011111 + 1110010010?
-110111001101
In base 16, what is 81188 + 7?
8118f
In base 5, what is 102 + 3114003?
3114110
In base 7, what is 620456 - 4631?
612525
In base 15, what is 4a6 - 1e952?
-1e49b
In base 2, what is -10001 + 100000011011101110000?
100000011011101011111
In base 14, what is 42211 - 43?
421ac
In base 14, what is 117 - -546b3?
547ca
In base 8, what is 3431 - -3700?
7331
In base 5, what is -144021424231 - 1?
-144021424232
In base 15, what is -e5030 + -1e?
-e504e
In base 14, what is 4086a - 125?
40745
In base 16, what is 10f7 - -2278?
336f
In base 16, what is 17 - -83e5d?
83e74
In base 7, what is 45 + -534000?
-533622
In base 9, what is 51 + 211466?
211527
In base 2, what is -11100011000111001 - 10000101?
-11100011010111110
In base 6, what is 24421331 - -225?
24422000
In base 9, what is 46534386 - -2?
46534388
In base 5, what is 11034330 - 3?
11034322
In base 5, what is 31204231442 + -3?
31204231434
In base 13, what is 5 + -139a57?
-139a52
In base 8, what is 121041 + 201?
121242
In base 2, what is 100011010010 - 101001111111?
-110101101
In base 8, what is 1 - -355341127?
355341130
In base 5, what is -341240 - 11004?
-402244
In base 3, what is 2 + 11022020221202?
11022020221211
In base 10, what is -1 + 64845493?
64845492
In base 2, what is 11000010111011100011000 - 1001010?
11000010111011011001110
In base 8, what is 15573313 - -7?
15573322
In base 13, what is -12a + -2c35?
-3062
In base 16, what is -a322 + -ea1?
-b1c3
In base 7, what is -5 + 1126362363?
1126362355
In base 13, what is -11157cc - 73?
-1115872
In base 3, what is -11112202202211 - -10001?
-11112202122210
In base 11, what is -194 - 19a4a3?
-19a687
In base 5, what is 13330 + -110?
13220
In base 4, what is -131 - -221202011331?
221202011200
In base 2, what is -10001001110 + 101000101000111?
100110011111001
In base 12, what is 5a4a0697 - 3?
5a4a0694
In base 15, what is -a0 + -322e14?
-322eb4
In base 12, what is 3 + -4193a2?
-41939b
In base 16, what is 2f2f06 + -3?
2f2f03
In base 16, what is e + -ccd04c?
-ccd03e
In base 15, what is 1d7 - -32bee?
32dd6
In base 7, what is 234 - 21215050?
-21214513
In base 11, what is a78481 + -6?
a78476
In base 15, what is 20751d + 15?
207533
In base 13, what is 2c4ac474 + 1?
2c4ac475
In base 15, what is 3 + -10760a46?
-10760a43
In base